at is -227431 + -3c?
-22746d
In base 5, what is 4200241022231 - 10?
4200241022221
In base 2, what is -110 - 1001110100101101011010100?
-1001110100101101011011010
In base 15, what is -397 + 4c28?
4881
In base 12, what is -29 + -8724311?
-872433a
In base 8, what is -655 - -42357?
41502
In base 12, what is -1 - 779a1?
-779a2
In base 16, what is -2aa5e + -92?
-2aaf0
In base 3, what is 120121022112 + -100?
120121022012
In base 2, what is -101010110101100010011101 - -1?
-101010110101100010011100
In base 11, what is -32721 - 1481?
-340a2
In base 16, what is 9b - 46f55?
-46eba
In base 4, what is -13010 + 13003201?
12330131
In base 11, what is -42 - 27595?
-27627
In base 4, what is -132 + -1101233033?
-1101233231
In base 10, what is 64574 + 2805?
67379
In base 10, what is 370 - 316049?
-315679
In base 3, what is 21011 - 20110010122?
-20102212111
In base 15, what is 0 - -1289e18?
1289e18
In base 6, what is -10543521 - 1052?
-10545013
In base 16, what is 4cfa229 - 3?
4cfa226
In base 11, what is -251 - 9a920?
-a0071
In base 11, what is 100 + -1a8130?
-1a8030
In base 11, what is 0 - -326a3a9?
326a3a9
In base 9, what is -8 + 1357470?
1357461
In base 3, what is 101210110212021 - 11?
101210110212010
In base 9, what is -4236 - -454?
-3672
In base 7, what is -2032401 + 530?
-2031541
In base 4, what is 2112031212113102 - -10?
2112031212113112
In base 13, what is 1 - -a864182?
a864183
In base 3, what is -21100122022 + 2001?
-21100120021
In base 2, what is 1010 + -100110110110111101?
-100110110110110011
In base 7, what is -1336 - -13066?
11430
In base 3, what is -1001102122211 - -20?
-1001102122121
In base 4, what is -313 + 12301203020?
12301202101
In base 8, what is 142502003 - 1?
142502002
In base 11, what is -470096 + 284?
-46a912
In base 11, what is 2a9a - -11a253?
122242
In base 11, what is 92a4 + 9178?
17471
In base 15, what is -1 + -eb512a?
-eb512b
In base 11, what is -4 + -11446160?
-11446164
In base 14, what is 10 + -6a110c9?
-6a110b9
In base 2, what is 1101001110 + 1110100100100001?
1110110001101111
In base 14, what is b655715c + -2?
b655715a
In base 15, what is c9be6e + 4?
c9be73
In base 15, what is -5 - 3e63551?
-3e63556
In base 8, what is 3 - 64445622?
-64445617
In base 13, what is 9 + bb3a?
bb46
In base 9, what is -78 + -287138?
-287227
In base 3, what is 2201211220 - 10110?
2201201110
In base 3, what is 120212202 + -1021012101?
-200022122
In base 14, what is -5c8d - 1288?
-7137
In base 7, what is -25663 - -13626?
-12034
In base 3, what is 110120200112 + 2212021?
110200112210
In base 4, what is 20102310221 + -12?
20102310203
In base 6, what is 4012310 + 13?
4012323
In base 8, what is -1732 - -46204?
44252
In base 5, what is -210123120 - 101?
-210123221
In base 5, what is -12101442304230 - 10?
-12101442304240
In base 10, what is 653 + 33065?
33718
In base 3, what is 12211022002 - 100000?
12210222002
In base 11, what is 1392 - -36a4?
4a86
In base 13, what is -3862c + 6ba9?
-31753
In base 14, what is -46 - 295dc?
-29644
In base 5, what is -11201 - 12420233?
-12431434
In base 13, what is 10986c8 + 5?
1098700
In base 11, what is -3 + 9a617a5?
9a617a2
In base 3, what is 2211012 - 100110122?
-20122110
In base 7, what is -1133016 + -46?
-1133065
In base 16, what is 0 - 90e64?
-90e64
In base 16, what is -143d - 114?
-1551
In base 15, what is -42b787e - -1?
-42b787d
In base 8, what is -5133645 - -42?
-5133603
In base 2, what is -11011011001101010011 - 1101?
-11011011001101100000
In base 15, what is -1381c9 - 132?
-13830b
In base 4, what is 3 + -10013311312?
-10013311303
In base 6, what is -10550415 - -1044?
-10545331
In base 10, what is 1171 + 53617?
54788
In base 15, what is -240e + 378?
-2086
In base 15, what is 64d0c0 + cb?
64d19b
In base 4, what is 20233 - 1221211?
-1200312
In base 15, what is 5eac + a4ac?
11469
In base 9, what is -50710843 - -8?
-50710834
In base 6, what is 4 - -55530304?
55530312
In base 8, what is -75615 + 316?
-75277
In base 2, what is -100 + 1011011000001111?
1011011000001011
In base 15, what is 8eda2d - 11?
8eda1c
In base 13, what is -34144b + -b?
-341459
In base 9, what is 1161086 + -2?
1161084
In base 5, what is -14224302 - -2121?
-14222131
In base 8, what is 31 + 1153274?
1153325
In base 4, what is 2001101002 - 33?
2001100303
In base 9, what is 5202614 - -6?
5202621
In base 8, what is -1023445006 + 3?
-1023445003
In base 3, what is -12122 - -2212212220102?
2212212200210
In base 6, what is 2004205 - 41?
2004124
In base 8, what is 467750370 + -5?
467750363
In base 11, what is 14 - 30639?
-30625
In base 10, what is -601 + 1839?
1238
In base 2, what is 1010110101101101001 + -1001100?
1010110101100011101
In base 8, what is 26326 + 2162?
30510
In base 16, what is 146 + -aa50b?
-aa3c5
In base 3, what is 1122 - -220021111?
220100010
In base 5, what is 4 + 12033031033?
12033031042
In base 14, what is -ca29c - -313?
-c9d89
In base 5, what is -3 - -2313213234?
2313213231
In base 5, what is -3 + -4120132323?
-4120132331
In base 10, what is -4153931 - -8?
-4153923
In base 9, what is 1813 + -5187?
-3274
In base 15, what is -215747 + -c1?
-215818
In base 2, what is 1101000111100110 - 1100111111110?
1011011111101000
In base 16, what is -13da + 1eb?
-11ef
In base 5, what is -20310 - 11423?
-32233
In base 6, what is -2014121323 + 14?
-2014121305
In base 16, what is -16938a8 - -4?
-16938a4
In base 8, what is -3235 + -3020?
-6255
In base 9, what is 2 - 3603686?
-3603684
In base 5, what is 3012441223 - -10?
3012441233
In base 3, what is -1 - -20120210011200?
20120210011122
In base 9, what is 4 - 150368066?
-150368062
In base 9, what is -6553673 - -2?
-6553671
In base 4, what is -30100012300 + -11212?
-30100030112
In base 2, what is 110010111011010000101 - 10001001?
110010111010111111100
In base 2, what is 111001111011110101111001 - 10010?
111001111011110101100111
In base 12, what is -86576898 - -3?
-86576895
In base 5, what is 3304 + -41223140?
-41214331
In base 10, what is 5428829 + 3?
5428832
In base 5, what is 1121023 - 23?
1121000
In base 16, what is -11c + 61d4?
60b8
In base 6, what is 414311001 - 10?
414310551
In base 2, what is 1010010000010 - -11100?
1010010011110
In base 16, what is 4 + -115870?
-11586c
In base 8, what is 77062 + -727?
76133
In base 5, what is 103423 + -23031?
30342
In base 6, what is -2 + -10011355?
-10011401
In base 5, what is 3144034342 - 3?
3144034334
In base 6, what is 253252 - -4303?
301555
In base 16, what is -e - -52e5c4?
52e5b6
In base 14, what is -18 - -a2d556?
a2d53c
In base 2, what is 1011100100010111001010110 - -110?
1011100100010111001011100
In base 11, what is 644 + -554595?
-553a51
In base 3, what is -1211121021021 + 202?
-1211121020112
In base 6, what is 4442 - 241512?
-233030
In base 3, what is -22112012122120 + 120?
-22112012122000
In base 11, what is 15 + 37081a8?
3708212
In base 3, what is -2222101212101210101 - -10?
-2222101212101210021
In base 8, what is -337 + 16042?
15503
In base 6, what is -3204140314 + -22?
-3204140340
In base 4, what is -201 - 12122021010?
-12122021211
In base 9, what is -26780 - -762?
-26017
In base 13, what is 2a2 - 22a33?
-22761
In base 14, what is -3 + -441a095?
-441a098
In base 5, what is 10 - 2432140130?
-2432140120
In base 2, what is 10000111011010101101110 - -101010?
10000111011010110011000
In base 9, what is 2 - 5012863?
-5012861
In base 6, what is -1 - -33102322?
33102321
In base 7, what is 656 - 441410?
-440421
In base 4, what is -1230300020 + 1?
-1230300013
In base 16, what is 20bf1 - a1?
20b50
In base 12, what is 3288552 + -2?
3288550
In base 2, what is 101101000000111 + 11011010000?
110000011010111
In base 13, what is 21cb17 + -2a?
21caba
In base 12, what is -12a41 + -10a3?
-13b24
In base 8, what is -2217376 - -1643?
-2215533
In base 16, what is 60 + -7497b?
-7491b
In base 12, what is 5 + 1ba986a4?
1ba986a9
In base 11, what is 4269571 + 1?
4269572
In base 14, what is -c83d + 127?
-c716
In base 6, what is -14223422 - 1221?
-14225043
In base 16, what is ea82c2 - 3?
ea82bf
In base 4, what is 312313020320 + 10?
312313020330
In base 3, what is 100001100222 - -121?
100001101120
In base 11, what is -98a1 - -469a8?
38107
In base 2, what is -1111010000001000001 + 11000?
-1111010000000101001
In base 13, what is -1a1 - -7c6a?
7a99
In base 8, what is -3065 - -465412?
462325
